{"id":174,"date":"2018-11-23T20:23:10","date_gmt":"2018-11-23T19:23:10","guid":{"rendered":"http:\/\/quinteetsens.be\/?page_id=174"},"modified":"2018-11-23T21:16:57","modified_gmt":"2018-11-23T20:16:57","slug":"accompagnement-non-verbal","status":"publish","type":"page","link":"https:\/\/quinteetsens.be\/index.php\/accompagnement-non-verbal\/","title":{"rendered":"Accompagnement non-verbal"},"content":{"rendered":"\n<p>L&rsquo;accompagnement non-verbal selon le mod\u00e8le du Professeur Benenzon est un des 5 types de musicoth\u00e9rapie reconnu \u00e0 travers le monde.<\/p>\n\n\n\n<p>Il est parfois difficile voire impossible pour certain(e)s d&rsquo;exprimer verbalement certains ressentis, certaines \u00e9motions. L&rsquo;accompagnement non-verbal permet \u00e0 la personne accompagn\u00e9e de s&rsquo;exprimer via d&rsquo;autres modes de communication que le langage parl\u00e9.<\/p>\n\n\n\n<p>Les sons, la musique, le chant, le rythme mais aussi le mouvement,, le regard, la sensorialit\u00e9, le silence sont autant de moyens de communication permettant une expression juste et diff\u00e9rente.<\/p>\n\n\n\n<p>L&rsquo;accompagnement non-verbal a fait ses preuves aupr\u00e8s des personnes pour qui le langage est un frein &#8211; Autisme, Alzheimer, d\u00e9ficiences mentales, coma&#8230; &#8211; mais s&rsquo;adresse \u00e9galement \u00e0 toute personne d\u00e9sireuse de faire un travail de recentrage et de reconnexion \u00e0 Soi.<\/p>\n\n\n\n<p><a href=\"mailto:info.quinteetsens@gmail.com\">Prendre Rendez-vous<\/a><\/p>\n","protected":false},"excerpt":{"rendered":"<p>L&rsquo;accompagnement non-verbal selon le mod\u00e8le du Professeur Benenzon est un des 5 types de musicoth\u00e9rapie reconnu \u00e0 travers le monde. Il est parfois difficile voire impossible pour certain(e)s d&rsquo;exprimer verbalement certains ressentis, certaines \u00e9motions. L&rsquo;accompagnement non-verbal permet \u00e0 la personne accompagn\u00e9e de s&rsquo;exprimer via d&rsquo;autres modes de communication que le langage parl\u00e9. Les sons, la [&hellip;]<\/p>\n","protected":false},"author":1,"featured_media":0,"parent":0,"menu_order":0,"comment_status":"closed","ping_status":"closed","template":"","meta":{"footnotes":""},"_links":{"self":[{"href":"https:\/\/quinteetsens.be\/index.php\/wp-json\/wp\/v2\/pages\/174"}],"collection":[{"href":"https:\/\/quinteetsens.be\/index.php\/wp-json\/wp\/v2\/pages"}],"about":[{"href":"https:\/\/quinteetsens.be\/index.php\/wp-json\/wp\/v2\/types\/page"}],"author":[{"embeddable":true,"href":"https:\/\/quinteetsens.be\/index.php\/wp-json\/wp\/v2\/users\/1"}],"replies":[{"embeddable":true,"href":"https:\/\/quinteetsens.be\/index.php\/wp-json\/wp\/v2\/comments?post=174"}],"version-history":[{"count":3,"href":"https:\/\/quinteetsens.be\/index.php\/wp-json\/wp\/v2\/pages\/174\/revisions"}],"predecessor-version":[{"id":218,"href":"https:\/\/quinteetsens.be\/index.php\/wp-json\/wp\/v2\/pages\/174\/revisions\/218"}],"wp:attachment":[{"href":"https:\/\/quinteetsens.be\/index.php\/wp-json\/wp\/v2\/media?parent=174"}],"curies":[{"name":"wp","href":"https:\/\/api.w.org\/{rel}","templated":true}]}}