{"id":177,"date":"2018-11-23T20:23:10","date_gmt":"2018-11-23T19:23:10","guid":{"rendered":"http:\/\/quinteetsens.be\/?page_id=177"},"modified":"2018-11-23T21:39:22","modified_gmt":"2018-11-23T20:39:22","slug":"percussions","status":"publish","type":"page","link":"https:\/\/quinteetsens.be\/index.php\/percussions\/","title":{"rendered":"Percussions"},"content":{"rendered":"\n<p>Les cours de percussion se donnent en individuel, en duo ou en groupe.<\/p>\n\n\n\n<p>Aucun pr\u00e9requis n\u00e9cessaire.<\/p>\n\n\n\n<p>Si vous ne poss\u00e9dez pas (encore) d&rsquo;instrument, des instruments sont mis \u00e0 votre disposition durant les cours.<\/p>\n\n\n\n<p>Th\u00e8mes abord\u00e9s :<\/p>\n\n\n\n<ul><li>Percussions africaines<\/li><li>Percussions latino<\/li><li>Dext\u00e9rit\u00e9<\/li><li>Polyphonies en groupe<\/li><li>Accompagnement dans le choix et l&rsquo;achat d&rsquo;un instrument<\/li><\/ul>\n\n\n\n<p><a href=\"mailto:info.quinteetsens@gmail.com\">Prendre Rendez-vous<\/a><\/p>\n\n\n\n<figure class=\"wp-block-image\"><img decoding=\"async\" loading=\"lazy\" width=\"1024\" height=\"683\" src=\"http:\/\/quinteetsens.be\/wp-content\/uploads\/2018\/11\/DSC_0048-1024x683.jpg\" alt=\"\" class=\"wp-image-224\" srcset=\"https:\/\/quinteetsens.be\/wp-content\/uploads\/2018\/11\/DSC_0048-1024x683.jpg 1024w, https:\/\/quinteetsens.be\/wp-content\/uploads\/2018\/11\/DSC_0048-300x200.jpg 300w, https:\/\/quinteetsens.be\/wp-content\/uploads\/2018\/11\/DSC_0048-768x512.jpg 768w, https:\/\/quinteetsens.be\/wp-content\/uploads\/2018\/11\/DSC_0048-450x300.jpg 450w\" sizes=\"(max-width: 1024px) 100vw, 1024px\" \/><\/figure>\n","protected":false},"excerpt":{"rendered":"<p>Les cours de percussion se donnent en individuel, en duo ou en groupe. Aucun pr\u00e9requis n\u00e9cessaire. Si vous ne poss\u00e9dez pas (encore) d&rsquo;instrument, des instruments sont mis \u00e0 votre disposition durant les cours. Th\u00e8mes abord\u00e9s : Percussions africaines Percussions latino Dext\u00e9rit\u00e9 Polyphonies en groupe Accompagnement dans le choix et l&rsquo;achat d&rsquo;un instrument Prendre Rendez-vous<\/p>\n","protected":false},"author":1,"featured_media":0,"parent":0,"menu_order":0,"comment_status":"closed","ping_status":"closed","template":"","meta":{"footnotes":""},"_links":{"self":[{"href":"https:\/\/quinteetsens.be\/index.php\/wp-json\/wp\/v2\/pages\/177"}],"collection":[{"href":"https:\/\/quinteetsens.be\/index.php\/wp-json\/wp\/v2\/pages"}],"about":[{"href":"https:\/\/quinteetsens.be\/index.php\/wp-json\/wp\/v2\/types\/page"}],"author":[{"embeddable":true,"href":"https:\/\/quinteetsens.be\/index.php\/wp-json\/wp\/v2\/users\/1"}],"replies":[{"embeddable":true,"href":"https:\/\/quinteetsens.be\/index.php\/wp-json\/wp\/v2\/comments?post=177"}],"version-history":[{"count":3,"href":"https:\/\/quinteetsens.be\/index.php\/wp-json\/wp\/v2\/pages\/177\/revisions"}],"predecessor-version":[{"id":225,"href":"https:\/\/quinteetsens.be\/index.php\/wp-json\/wp\/v2\/pages\/177\/revisions\/225"}],"wp:attachment":[{"href":"https:\/\/quinteetsens.be\/index.php\/wp-json\/wp\/v2\/media?parent=177"}],"curies":[{"name":"wp","href":"https:\/\/api.w.org\/{rel}","templated":true}]}}